16
Let j(y) = y**3 - 10*y**2 + 9*y + 4. Suppose -3*m + 6 = 2*a, -5*m + 16 = 4*a - 0*m. Determine j(a).
4
Suppose 5*b - 10 = -0. Let a(m) be the first derivative of -5/2*m**2 + 2*m + 14. What is a(b)?
-8
Let t(o) be the third derivative of -o**8/1440 + o**5/20 - 2*o**2. Let i(y) be the third derivative of t(y). Let l = 68 + -69. What is i(l)?
-14
Let y(f) be the first derivative of f**2/2 + 4*f - 22. Give y(1).
5
Let h = -6859 - -6860. Let i(d) = -2*d**3 + 6*d**2 + 2*d - 3. Let c(u) = -u**3 - u**2 - u + 1. Let j(g) = 4*c(g) + i(g). Give j(h).
-5
Let a(z) = -36 + 88 + z**2 - 47. Let y = -8 + 20. Suppose -4*f - 4*p = y, 3*p + 9 = 3*f - f. Determine a(f).
5
Let p be (16/(-14))/(1885/91 + -21). Let d(v) = 6*v**2 - 21*v - 5. Calculate d(p).
7
Let y be (120/2)/(-5)*1/(-4). Let r(s) = -13*s - 1. Give r(y).
-40
Suppose -9 = -3*x + y, -14 = -4*x + 3*y + 3. Suppose -b - 2*m = m + 21, 0 = 4*b - x*m + 28. Let d(c) = -c - 10. Calculate d(b).
-1
Let k(y) be the first derivative of y**4/4 + 7*y**3/3 + 7*y**2/2 - 2*y - 5. Suppose -6 + 14 = -2*a. Let h = -10 - a. What is k(h)?
-8
Let r(y) be the first derivative of -y**2/2 + 17*y + 890. Determine r(7).
10
Let q(u) = u**2 - u - 4. Let g(r) = -r**3 - 9*r**2 + 10*r + 9. Let h be g(-10). Suppose y = -2*y + h. Let a be q(y). Let x(p) = p**2 - 4*p + 3. Determine x(a).
-1
Let j be (-2)/(-9) + (-580)/18. Let r = 29 + j. Let h(v) = -v**2 - v + 4. Determine h(r).
-2
Let u(s) = 5*s**2 + s**3 - 4*s - 3*s**3 + 9*s**3 - s**3 - 4*s**3 - 1. Determine u(-3).
2
Let g(a) = a**2 - 2*a - 3. Suppose 2*d + 4 = 4*d. Suppose -d*c = -2*i, 4*i + 3*c = -0*c. Suppose -w - 4*w + 20 = i. Determine g(w).
5
Let n(m) be the first derivative of -1/4*m**4 - 28 + 8/3*m**3 - 2*m**2 - 6*m. What is n(7)?
15
Let o(s) be the second derivative of s**5/20 + s**4/12 + s**3/6 - s. Let n(x) = x**3 - 46*x**2 + 243*x - 118. Let y be n(40). Calculate o(y).
14
Let j(n) = 5*n**2 + n. Let f be ((-4)/3)/(10/(-675)). Let t be (-14)/18 - 20/f. Let g(o) = o. Let r be g(t). What is j(r)?
4
Let o(u) be the first derivative of -u**6/120 - u**5/15 - u**3/3 + 2*u**2 - 6. Let a(p) be the second derivative of o(p). Calculate a(-4).
-2
Let p(i) = -i. Let c be p(-11). Suppose 0 = -x + 5*y + c, -x - 3*y - 3 - 18 = 0. Let s be x - (0 + 9)/(-3). Let f(o) = o**2 + 4*o - 3. What is f(s)?
9
Let l(b) = -9*b**3 + 6*b + 8 - b**3 - 4*b**3 - 2*b**3 - 5*b**2 + 15*b**3. What is l(-5)?
-22
Suppose -13*y + 9*y = 0. Let h(j) = -2 + y*j**2 + 2 + 2*j**2 + 2. What is h(2)?
10
Let l = 28 - 24. Suppose q - 6 = -l*w, -5*w + 7 = -4*q - 11. Let m(u) = u. Let c(v) = 3*v + 2. Let g(r) = -c(r) + 2*m(r). Determine g(q).
0
Let w(z) = z + 7. Let a be w(-9). Let x be (a/2*-2)/2. Let l(h) = -1. Let p(i) = 2*i + 6. Let y(s) = 6*l(s) + p(s). Calculate y(x).
2
Let g(h) = 3*h**2 - 3*h + 1. Let f be g(2). Let k be 1/(f/(-4) - -2). Let n(d) = 6*d**2 - 2*d**3 + d**3 - 2 + k. What is n(6)?
2
Let l(a) = -a - 10. Let v(s) = 5*s. Let p be v(1). Let n = -10 + p. What is l(n)?
-5
Let z(f) = f**3 - 7*f**2 - 4. Let d be z(7). Let b(v) = -v - 1. Let j be b(d). Let p(a) be the second derivative of a**4/4 - 2*a**3/3 - 188*a. What is p(j)?
15
Let l(i) = i**2 - 3*i + 8. Suppose -4*p + 5*r + 36 = 0, -12*p + 13*p = -2*r - 4. Give l(p).
12
Suppose -4*i - 45 = 27. Let j = -22 - i. Let a(h) = 2*h - 2. Let m(z) = 2*z - 2. Let s(r) = j*m(r) + 5*a(r). Calculate s(4).
6
Let s be ((-30)/25)/(6/20). Let p(z) = -19*z**2 - 3 + 17*z**2 - 3*z + 8*z - z**3. What is p(s)?
9
Let u(k) = -14*k - 5. Let v(t) = 9*t + 2. Let p(h) = -5*u(h) - 8*v(h). Give p(5).
-1
Let u(y) = -2*y**3 - 12*y**2 + y. Let d(o) = 3*o**3 + 22*o**2 - 3*o + 1. Let c(j) = 3*d(j) + 5*u(j). Suppose 9 = -5*p + 24. Calculate c(p).
18
Let i(u) = -2 + 2 + 2 - 7 - 2*u + 3. Give i(4).
-10
Let u(z) = -2*z - 5. Suppose 8 = -k - 3*k. Let g(c) = -4*c - 10. Let h(t) = k*g(t) + 5*u(t). Let j(m) = -7*m**3 + 1. Let i be j(1). Determine h(i).
7
Let f(s) = 8*s**3 + 2*s + 1. Let z = 136 + -137. Give f(z).
-9
Let q = -6 - -11. Let m(g) = 16 - 7*g**3 + 6*g - 4*g**3 + 4*g**2 - 23 + 10*g**3. Calculate m(q).
-2
Suppose -9*v + 4*v = -105. Let b(s) = 31 + s**2 + v - 54 - s. Calculate b(2).
0
Let v(f) = 2. Let x(g) = g - 4. Let u(p) = -5*v(p) - 2*x(p). Let y be (-86)/8 - -10 - (-26)/(-8). Calculate u(y).
6
Let t(w) = -5*w - 9. Let i(z) = -56*z - 10. Let s(j) = -5*j - 1. Let v = -35 + 29. Let d(a) = v*i(a) + 68*s(a). Let b(h) = 6*d(h) - 5*t(h). What is b(-7)?
-10
Suppose -f - 73 = -6*f + 2*a, 5*f - 79 = -4*a. Let t(h) = 2*h - 36. Calculate t(f).
-6
Let o(z) = -4*z - 3. Let i(w) = w**3 + 15*w**2 - 15*w + 10. Let p be i(-16). Let n(q) = q + 4. Let f be n(p). Give o(f).
5
Suppose 0 = 3*k - r - 27, -4*k + 5*r = -8*k + 17. Let j(w) = w**3 - 8*w**2 + w - 7. What is j(k)?
1
Let l(i) = -i**3 + 8*i**2 + 10*i - 13. Let o be l(9). Suppose -3*t + 1 = -17. Let m = o + t. Let r(x) = 2*x**3 - 3*x**2 + 3*x - 1. What is r(m)?
9
Let v(i) = i - 2. Let j(q) = 3*q. Let t(z) = 2*z. Let w(o) = 3*j(o) - 4*t(o). Let d be w(0). Suppose d = -4*a - 3 + 11. Determine v(a).
0
Let j(g) = -2 - 8 + 3*g - 2*g + 3. Calculate j(10).
3
Let u = -105 - -102. Let n(x) = -2*x**2 - x - 6. What is n(u)?
-21
Let r = -4 + 8. Let f(x) = x. Let n(i) = -8*i + 3. Let v(l) = l - 1. Let y(c) = n(c) + 4*v(c). Let m(h) = r*f(h) - y(h). What is m(-1)?
-7
Let s(o) be the second derivative of 3*o**5/20 + o**2/2 - o. Let l be s(1). Let g(t) = -7*t + 5*t - l - 1. Determine g(-6).
7
Suppose -8 = h + 5*w, 12 = 2*h - 5*w + w. Let k(u) = 3*u - 1. Determine k(h).
5
Let d be 1/(0 - 1) - -3. Let z(r) be the first derivative of 5 + 0*r**d - 1/4*r**4 + r - 1/3*r**3. What is z(-2)?
5
Let h(z) = z**3 + 2*z**2 + 4*z + 7. Let g be h(0). Let o(x) = -5*x + g + 15*x - 9*x. What is o(-4)?
3
Let o(c) = -9*c - 1. Suppose 0 = 3*b - 2*b + 13. Let v(j) = 4*j + 1. Suppose -4*s + l - 17 - 5 = 0, 0 = -l - 2. Let z(w) = b*v(w) + s*o(w). Calculate z(7).
7
Let m be (209/(-99))/19 + (-136)/(-9). Let s(x) = x**2 - 14*x - 12. Give s(m).
3
Suppose 0 = 5*d + 4*h - 34, 3*h - 7*h - 26 = -5*d. Let x(m) = -25*m - 24. Let w(s) = 21*s + 20. Let z(t) = -6*w(t) - 5*x(t). Determine z(d).
-6
Let d(q) = 5*q**3 - 17*q**2 - 6*q - 3. Let w(i) = -14*i**3 + 50*i**2 + 16*i + 10. Let h(c) = 11*d(c) + 4*w(c). Give h(13).
-19
Let o(m) be the third derivative of 7*m**4/24 - 3*m**3/2 + 2*m**2 + 84. Give o(3).
12
Suppose -19 = -2*v - 3*g, -17 = -4*v - g - 4. Let b(i) = 4*i**3 - 3*i**3 + 6*i**2 + 2*i - 4*i**v - 3 - 7*i. Calculate b(-4).
-15
Let c(j) be the first derivative of -j - 1/3*j**3 - 11 + 1/2*j**2 - 3/4*j**4. Calculate c(1).
-4
Let a = -21 + 34. Let k(l) = -28 - l**2 - 7*l + 16 + a. What is k(-6)?
7
Let r(n) = n - 3. Let m = -272 - -273. Determine r(m).
-2
Let u(o) = -7*o**3 - 3*o**2 + 8*o - 9. Let a(c) = -8*c**2 - 5*c**2 + 1 - c + c**3 + 13*c**2. Let x(s) = 6*a(s) + u(s). Determine x(-4).
5
Let f(b) = b**2 - 6*b + 1. Suppose -4*s + 2*l = -s + 2, -2*l + 2 = -2*s. Let y = 4 + s. What is f(y)?
-7
Let l(r) = 3*r**3 + 5*r**2 + 5*r + 9. Let f(b) = -13*b**3 - 42 - 16*b + 10 - 5 - 5*b - 19*b**2. Let g(p) = 2*f(p) + 9*l(p). Give g(-7).
-14
Let c(b) be the third derivative of b**6/60 - b**5/30 - b**4/12 - b**3/6 - 264*b**2. Determine c(2).
3
Let t(u) = -u**2 + 2*u - 4*u**2 - 3*u**2 - 1 + 2*u**2. Let o be (-6)/(-27) - (-142)/9. Let z be o/14 - (-2)/(-14). Calculate t(z).
-5
Let r be ((-12)/(-18))/((-2)/15). Let l be r/(-2)*(-1 + -1 + 4). Let a(t) = 3 + 4 - 2 + 3*t - t**2. Calculate a(l).
-5
Let g(t) = -5*t**3 - 13*t**2 + t - 7. Let q(r) = -7*r**3 - 11*r**2 + 2*r - 8. Let h(w) = -3*g(w) + 2*q(w). Give h(-17).
-12
Let n(l) = l**2 + l. Let s be n(-1). Let z(q) be the first derivative of -q**4/4 - q**2/2 + 6*q + 5. Calculate z(s).
6
Let g(w) be the second derivative of w**4/6 - w**3 - 7*w**2/2 + 6*w + 4. Determine g(5).
13
Let r(z) = -z**3 + 3*z**2 + 2*z. Let l be 19/3 - 2/6. Suppose 3*k = k - l. Let g be 7 + (-5 - -4) + k. What is r(g)?
6
Let t(h) = -h**3 - 9*h**2 + 12*h + 11. Suppose 433 - 453 = 2*y. Give t(y).
-9
Let p(y) = 5*y**3 + 7 - 11*y - 4*y**3 - 12*y**2 - 2*y**3 - 3. Let c be (-1 + (-45)/(-12))*(-4 - 0). Determine p(c).
4
Let p be -16*((-1)/3 + 5/(-12)). Let g(i) = 10 - p - 3*i + 1. Give g(1).
-4
Let j(b) = -5*b**3 + 24*b**2 + b - 85. Let o(d) = -14*d**3 + 68*d**2 + 3*d - 254. Let n(z) = 17*j(z) - 6*o(z). G